/40 - w**3/3 - 12*w**2. Let u(p) be the first derivative of f(p). Calculate u(x).
3
Let r(z) = -225*z - 70. Let k(w) = 51*w + 17. Let h(y) = 9*k(y) + 2*r(y). Determine h(-4).
-23
Let g(s) = -14*s + 10. Let v(b) = 9 - 32*b - 26 + 36 + 8*b. Let a(u) = 7*g(u) - 4*v(u). Calculate a(-6).
6
Let o(q) = -31*q + 15*q + q - 21 + q**2. What is o(15)?
-21
Let j(h) = -h - h - 2 - 3*h - 2. Let t(m) = -5*m - 14. Let u be t(-2). Let n be 39/(-26)*u/(-2). Determine j(n).
11
Let t(w) = 3*w**3 - 17*w**2 + 2*w + 13. Let c(n) = -n**3 + 8*n**2 - n - 6. Suppose -10*l - 68 = -8. Let m(h) = l*t(h) - 13*c(h). What is m(1)?
-6
Let f(s) = 8*s - 4. Let y(k) = -5*k + 116. Let x be y(23). Calculate f(x).
4
Suppose 2*v + 34 = 10. Let l(m) = -8*m + 6. Let r(x) = x. Let u = -3147 - -3146. Let s(d) = u*l(d) + v*r(d). What is s(-4)?
10
Let r(w) = w + 1. Let j be (24/15)/(-4)*-5. Let v(b) = -j + 7 - 6. Let o(z) = r(z) + v(z). What is o(-2)?
-2
Let x(c) = 4*c**3 + 7*c**2 + 9*c + 2. Let f(r) = -7*r**3 - 14*r**2 - 17*r - 4. Let h(g) = -3*f(g) - 5*x(g). Let p = -614 - -608. Give h(p).
2
Let q(t) = 2*t**2 - 8*t - 13. Let k be (-27)/((-324)/48) + 3. What is q(k)?
29
Let u(w) = -2*w**3 - 13 + 1 - 2 - 1 + 9 - w + 3*w**3. Suppose 2*b - 6*b - 12 = 4*s, b = 2*s. Let g = -2 - b. Give u(g).
-6
Let g(s) = 124*s + 2969. Let w be g(-24). Let o(d) = d**2 - 21*d - 194. Give o(w).
2
Let m(g) = 5*g - 1. Let a be ((-28)/6)/((-4)/90). Suppose 13*c - 963 = 22*c. Let k = a + c. Determine m(k).
-11
Let l(z) be the third derivative of -1/60*z**5 - 6*z**2 - 2/3*z**3 - 5/12*z**4 + 0 - 5*z. What is l(-10)?
-4
Let d(k) be the first derivative of -k**3/3 - 7*k**2/2 + 9*k + 56. Let n be -7 + -2 + (2 - 1). Let t be d(n). Let c(a) = -7*a**2 + a. Determine c(t).
-6
Let u(g) = g**2 - 7*g + 8. Let z be u(6). Let x(y) = z*y**3 + 95*y - 6 + 9*y**2 - y**3 - 87*y. What is x(-8)?
-6
Let d be (154/21 + -6)*(-258)/4. Let f = d - -76. Let a(p) = -3*p - 15. Determine a(f).
15
Let i(h) be the third derivative of -h**5/60 - h**4/3 - h**3/6 + h**2. Let v = -45 + 43. Let z be (-14 + 19)*(1 + v). Determine i(z).
14
Suppose 6 = 2*n + 5*v - 25, -2*n = -v - 13. Suppose 0*r = 4*r + n. Let j(f) = 17*f. Calculate j(r).
-34
Let z(r) = r**2 - 2*r + 1. Let n(x) = -x**2 - 15*x + 95. Let m be n(-20). Let s(b) = -6*b**2 + 14*b - 4. Let g(i) = m*z(i) - s(i). What is g(4)?
-1
Let w(s) = s + 5. Let r(t) = t + 8. Let j be (-90)/20*4/6. Let h(m) = j*r(m) + 4*w(m). Give h(-3).
-7
Let s(y) = 3*y**2 + y - 2. Let q = -37 - -42. Suppose 5*k + 2 = 3*k - v, q*v - 8 = -k. Let l be (-1)/k - (110/4)/11. Determine s(l).
8
Let g = -3 + -1. Let k(u) be the first derivative of -3*u - 26 - 2*u**2 - 1/4*u**4 - 5/3*u**3. Give k(g).
-3
Let w be (149*6)/(-2)*7/(-21). Let y = 153 - w. Let v(f) = f**3 - f**2 - 1. Let g(b) = 6*b**3 - 10*b**2 + 3*b - 3. Let z(i) = -g(i) + 5*v(i). Give z(y).
2
Let a(d) = -d**3 - 13*d**2 + 15*d + 17. Let b be a(-14). Suppose b*y = 21 - 9. Suppose -w = l - 1, -l + 4*w + 0*w = y. Let q(p) = -p**2 + p - 8. What is q(l)?
-8
Let n(g) = -g**3 - g**2 + g + 2. Let p(f) = -72*f**3 - 6*f**2 + 5*f + 12. Let q(z) = -5*n(z) + p(z). What is q(-1)?
68
Let i be (954/(-27))/((-2)/6). Suppose 10*q - 4*c + i = 5*q, 0 = 3*q - c + 65. Let z be (-21)/2*q/33. Let a(m) = m**3 - 7*m**2 - 2*m + 7. Determine a(z).
-7
Suppose 0 = 4*q - 4*o - 12, 12 = 4*q - 2*o - o. Let y be (4 - 15/6)/((-6)/(-16)). Let w(b) = y + 0 - 9 - 2*b + 2 + 6 + 3*b**2. Give w(q).
24
Suppose 0 = 2*w - 2*t - 3*t + 16, -2*t = 4*w + 8. Let v(l) = -7*l + 4. Let m(h) = 14*h - 12 + 0 + h + 5*h. Let r(y) = -6*m(y) - 17*v(y). Calculate r(w).
7
Let i be (-12)/(-18)*(23 - 2). Let l = i - 4. Let r = l + -13. Let z(t) = 3*t + 3. What is z(r)?
-6
Let h(g) = 3*g**2 + 22*g - 14. Suppose -4*y - 22 = -2*y + r, -y + 9*r + 46 = 0. Give h(y).
2
Let x(k) = -k**2 + 4*k + 3. Let l be x(5). Let m be 364/70 - l/(-10). Let q(z) = -2 + m*z + 2 - z**2 + 6 + 2*z**2. Determine q(-4).
2
Let j(u) be the third derivative of u**5/6 - u**3/6 + 2764*u**2. Let d be 24/14 - (-4)/14. Let r be d/(-2*(-1 + 2)). What is j(r)?
9
Let f be ((-45)/(-54))/((-3)/(-126)). Let d(h) = -3*h + 6*h**2 + 36 - 111 + 39 + f + h. Give d(-1).
7
Let a be 3/2*70/21. Suppose -10 = -a*u - 2*l + 4*l, 8 = 4*u - 2*l. Let c(s) = s**3 + 4*s**2 + 4 - 3 - 3*s - u*s**3. Give c(4).
-11
Let w be 1/((-1)/(-3)) - 0. Let u = 1310 + -1308. Let f(b) = -2*b + w*b - u*b. Calculate f(3).
-3
Let o(w) = 4 - 1 - 33*w + 93*w - 58*w. Give o(-8).
-13
Let s = -5900 - -5902. Let c(h) = -6*h - 9. Calculate c(s).
-21
Let d(m) = 6 - 4051*m + 4045*m - 3. Give d(6).
-33
Let u(d) = d**3 + 5*d**2 - 3*d - 6. Let b(p) = -9*p**2 - 43*p + 134. Let j be b(-7). Calculate u(j).
-24
Let t(p) = 4*p**2 - 1. Suppose d - 17 = -3*c, -73*d + 6*c - 22 = -69*d. What is t(d)?
15
Let r(p) = -p**2 + 7*p - 8. Let n be (-12)/(-2) - 2 - 0. Let y be 11 + -6 + 1*n. Suppose -d = -y*d + 48. Determine r(d).
-2
Let f(u) be the second derivative of 19*u**4/12 - 113*u**3/3 - 17*u**2/2 - 8781*u. Calculate f(12).
7
Let y(i) = -1571 + 9*i + 755 + 849. Give y(-4).
-3
Let y(z) = -z**3 - 3*z**2 - 3*z + 4. Suppose -249*r - 100 = -253*r. Suppose 4 = 7*x + r. Calculate y(x).
13
Let b(l) = l**2 + 8*l - 6. Let r be 15/7 + 13/(-91). Let h = r + -7. What is b(h)?
-21
Let i(f) = -21*f**3 + f**2 + 51*f - 51*f + 4 + 3*f**3 + 13*f**3. Determine i(3).
-122
Let t = -15 + 16. Let v(q) = -9*q**3 + 16*q**2 - 6*q + 1. Let i(u) = 8*u**3 - 13*u**2 + 5*u - 1. Let c(m) = 5*i(m) + 4*v(m). Give c(t).
3
Let l be ((-2886)/(-14))/3 + (-16)/(-56). Let d(s) = 2*s - 31 - 3*s - 39 + l. Let r = 18 - 13. What is d(r)?
-6
Suppose -2*i + 49 = 5*j, -2*i + 3*j - 3391 = -3368. Let v(d) = -d + 2. Let l(b) = 5*b - 10. Let h(a) = -2*l(a) - 11*v(a). Determine h(i).
0
Let o(i) = -5*i**2 - 6*i**2 - 3 + 8*i**2. Suppose 58*w = 63*w - 15. What is o(w)?
-30
Let v(t) = t**2 - 5*t. Let s(z) = z**3 + 11*z**2 + 8*z - 14. Suppose i = -0*i + 4. Let j be (i/(-1))/(-2)*(-1 + -4). Let b be s(j). Calculate v(b).
6
Let z(u) = 12 + 957*u - 473*u - 485*u. Give z(4).
8
Let p(g) = -4*g + 1. Suppose 5*l = -2*t + 447, 0*l - t + 269 = 3*l. Let c = l - 84. Suppose c = 5*r + 3*d - 1, -5*d = -5*r + 40. What is p(r)?
-15
Let h(a) = -a**2 - 26*a + 78. Let p(z) = 5*z**2 + 106*z - 351. Let g(u) = 9*h(u) + 2*p(u). Give g(20).
-40
Let u(j) be the first derivative of j**4/4 + 4*j**3/3 + j**2/2 - 3*j - 1. Suppose -f + 4*z - 55 = 0, 263 = -f - 87*z + 107*z. Determine u(f).
3
Let s(y) = -11*y + 29. Let w(i) = -5*i + 14. Suppose 8*j = -7*j - 60. Let q(m) = j*s(m) + 9*w(m). What is q(0)?
10
Let z(b) = b**2 - 11*b - 44. Let f be ((-35)/7)/(8/(-20) - (-49)/35). Give z(f).
36
Let p(u) be the third derivative of 1/8*u**4 + 1 + 81*u**2 + 0*u + 16/3*u**3. What is p(-10)?
2
Let b(w) = -16*w. Suppose -2*l = -l - 2*k - 1, 3*l + k = 10. Suppose m = -s + 5, -3*s - m = -l - 4. What is b(s)?
-16
Let m(y) be the third derivative of -y**4/4 - 47*y**3/6 - 4*y**2 - 191. Determine m(-10).
13
Let b(g) = -16*g + 183. Let v(z) = z**2 - 26*z + 155. Let o be v(18). Let w be b(o). Let f(h) = -h**3 + 6*h**2 + 8*h + 10. Calculate f(w).
17
Let g(j) = -32*j**2 - 29*j - 11. Let q(f) = 5*f**2 + f. Let t(i) = g(i) + 6*q(i). Calculate t(-9).
34
Suppose 0*w = w - 5, -3*x = 5*w - 55. Let i(p) = 7*p - 19. Let r(c) = -4*c + 9. Let t(f) = -3*i(f) - 5*r(f). Calculate t(x).
2
Suppose 3*c + 2*s = -30, -5*s = -3*c + 16 - 46. Let b(l) = -7*l - 28. Give b(c).
42
Let g(h) = h**3 - 81*h**2 + 9*h - 767. Let j be g(81). Let r(s) = -s**3 - 39*s**2 - 39*s - 40. What is r(j)?
-2
Let b(i) be the third derivative of i**5/10 - i**4/6 + i**3/2 + 7*i**2. Let u(p) = -p**2 - 157*p - 1190. Let n be u(-8). Calculate b(n).
19
Let v(q) be the second derivative of -57*q**5/20 + q**4/6 - 2*q**3/3 + 3*q**2/2 + 11*q - 34. Calculate v(1).
-56
Let u(p) = -12*p**2 - 2*p + 1. Let x(c) = 13*c**2 + 12*c - 41. Let k(h) = u(h) + x(h). Calculate k(-11).
-29
Suppose 18*o + 0*o = 450. Suppose -5*a - 4*u + 20 = -0, -5*u + o = 2*a. Let m(i) = -i + 2. What is m(a)?
2
Let x(f) = -7*f - 16. Let b(h) = -10*h - 22. Let j(u) = -5*b(u) + 7*x(u). Let m(p) = -7*p + 13. Let q(c) = 4*j(c) + m(c). What is q(-6)?
23
Let x be 10/(-35)*-7*1. Let i(f) = 133*f - f**x + 2*f**2 - 128*f - 4. Determine i(-6).
2
Let o = -5306 + 5330. Let f(h) = -2*h**2 + 45*h + 58. Give f(o).
-14
Let h be (-2)